{"id":12,"date":"2010-03-23T18:03:16","date_gmt":"2010-03-23T17:03:16","guid":{"rendered":"http:\/\/www.uppvidingetidning.se\/wordpress\/?page_id=12"},"modified":"2022-07-04T09:48:59","modified_gmt":"2022-07-04T08:48:59","slug":"annonsbokning","status":"publish","type":"page","link":"https:\/\/www.uppvidingetidning.se\/?page_id=12","title":{"rendered":"ANNONSBOKNING"},"content":{"rendered":"<p>UPPVIDINGE TIDNING &#8211; Grundad 1989<br \/>\n<em> Ansvarig utgivare:\u00a0<\/em><span style=\"line-height: 1.5;\"><em>Louise Wargklev<\/em><br \/>\n<\/span><\/p>\n<h4>ANNONSBOKNING<\/h4>\n<p>Tel: 070-574 89 11<br \/>\n<span style=\"line-height: 1.5;\">E-post:\u00a0<\/span><a style=\"line-height: 1.5;\" href=\"mailto:annons@uppvidingetidning.se\">annons@uppvidingetidning.se<br \/>\n<\/a><\/p>\n<p>\u2022 Manusstopp 12 dagar f\u00f6re utgivning<br \/>\n\u2022 F\u00e4rdigt material (tryckf\u00e4rdig pdf) 7\u00a0dgr f\u00f6re utgivning<\/p>\n<address>Uppvidinge Tidning ges ut varje m\u00e5nad f\u00f6rutom juni, d\u00e5 vi har semesteruppeh\u00e5ll.Teknisk information:<br \/>\nSpaltbredder: 1 sp = 39 mm, 2 sp = 82 mm, 3 sp = 125 mm, 4 sp = 169 mm, 5 sp = 212 mm, 6 sp = 255 mm.<br \/>\nF\u00e4rdigt original: tryckf\u00e4rdig, h\u00f6guppl\u00f6st pdf i exakt annonsm\u00e5tt. Samtliga bilder monterade i dokumentet ska vara h\u00f6guppl\u00f6sta och konverterade till cmyk. Typsnitt ska vara inb\u00e4ddade och samtliga f\u00e4rger ska vara i cmyk (f\u00f6r mer ing\u00e5ende information: se TU:s specifikationer f\u00f6r annonsmaterial p\u00e5 www.dagspress.se).<\/address>\n<address>Allm\u00e4nna villkor:<br \/>\nReklamationer: Anm\u00e4lan om fel i annons skall g\u00f6ras omg\u00e5ende. Anm\u00e4lan om fel p\u00e5 faktura skall g\u00f6ras senast fem dagar efter fakturans mottagande.<br \/>\nAnsvar om fel i annons: Tidningens ansvar \u00e4r begr\u00e4nsat till h\u00f6gst annonskostnaden. F\u00f6r skada p\u00e5 grund av uteblivet eller felaktigt inf\u00f6rande ansvaras ej. Vid av kunden godk\u00e4nt korrektur eller uteblivet korrektursvar\u00a0 ansvaras ej f\u00f6r ev felaktigheter i annonsen.<br \/>\nAnnullering av annons: Produktionskostnaden debiteras f\u00f6r uppsatt annons vid avbokning. Vid avbokning av annons efter manusstopp debiteras hela annonskostnaden.<br \/>\nGranskning av annonser: Uppvidinge Tidning f\u00f6rbeh\u00e5ller sig r\u00e4tten att avb\u00f6ja ol\u00e4mpliga annonser, annonser vars inneh\u00e5ll strider mot grundlagen och annonser som vi anser kan skada Uppvidinge Tidnings anseende.<\/address>\n<blockquote>\n<address><span style=\"color: #003366;\">POSTUTDELAD till samtliga hush\u00e5ll &amp; f\u00f6retag i Uppvidinge kommun med omnejd<br \/>\nGRATISTIDNING i brevl\u00e5dan och p\u00e5 n\u00e4tet!<br \/>\n<\/span><\/address>\n<\/blockquote>\n","protected":false},"excerpt":{"rendered":"<p>UPPVIDINGE TIDNING &#8211; Grundad 1989 Ansvarig utgivare:\u00a0Louise Wargklev ANNONSBOKNING Tel: 070-574 89 11 E-post:\u00a0annons@uppvidingetidning.se \u2022 Manusstopp 12 dagar f\u00f6re utgivning \u2022 F\u00e4rdigt material (tryckf\u00e4rdig pdf) 7\u00a0dgr f\u00f6re utgivning Uppvidinge Tidning ges ut varje m\u00e5nad f\u00f6rutom juni, d\u00e5 vi har semesteruppeh\u00e5ll.Teknisk information: Spaltbredder: 1 sp = 39 mm, 2 sp = 82 mm, 3 sp = [&hellip;]<\/p>\n","protected":false},"author":1,"featured_media":0,"parent":0,"menu_order":0,"comment_status":"open","ping_status":"open","template":"","meta":{"footnotes":""},"class_list":["post-12","page","type-page","status-publish","hentry"],"_links":{"self":[{"href":"https:\/\/www.uppvidingetidning.se\/index.php?rest_route=\/wp\/v2\/pages\/12","targetHints":{"allow":["GET"]}}],"collection":[{"href":"https:\/\/www.uppvidingetidning.se\/index.php?rest_route=\/wp\/v2\/pages"}],"about":[{"href":"https:\/\/www.uppvidingetidning.se\/index.php?rest_route=\/wp\/v2\/types\/page"}],"author":[{"embeddable":true,"href":"https:\/\/www.uppvidingetidning.se\/index.php?rest_route=\/wp\/v2\/users\/1"}],"replies":[{"embeddable":true,"href":"https:\/\/www.uppvidingetidning.se\/index.php?rest_route=%2Fwp%2Fv2%2Fcomments&post=12"}],"version-history":[{"count":49,"href":"https:\/\/www.uppvidingetidning.se\/index.php?rest_route=\/wp\/v2\/pages\/12\/revisions"}],"predecessor-version":[{"id":7557,"href":"https:\/\/www.uppvidingetidning.se\/index.php?rest_route=\/wp\/v2\/pages\/12\/revisions\/7557"}],"wp:attachment":[{"href":"https:\/\/www.uppvidingetidning.se\/index.php?rest_route=%2Fwp%2Fv2%2Fmedia&parent=12"}],"curies":[{"name":"wp","href":"https:\/\/api.w.org\/{rel}","templated":true}]}}